be o(h). Calculate l(c).
-4
Let g(d) be the first derivative of 0*d**2 + d - d**3 + 1/4*d**4 - 45. Calculate g(2).
-3
Let j(b) = -5*b**2 + 3*b + 7. Suppose 160 = -56*a - 17*a + 33*a. Calculate j(a).
-85
Let x(s) = 4*s. Suppose -3*z - 2*z = 2*n - 30, -4*z + 11 = -n. Suppose -7*r + z*r - 180 = 0. Let p = 59 + r. Determine x(p).
-4
Let n(t) be the third derivative of 1/3*t**3 + 1/60*t**5 + 0 + 2*t**2 - 4*t + 1/12*t**4. Calculate n(-4).
10
Let v(l) = -4 + 6 - 10*l - 2*l. Suppose 138*h + 3*y = 143*h - 25, 0 = 5*h - 2*y - 20. What is v(h)?
-22
Let q(m) = 3*m + 106. Suppose d + 3*u - 7*u = -42, 2*d + 19 = -5*u. Give q(d).
40
Let c(g) be the first derivative of -g**4/4 + 2*g**3 + 19*g**2/2 - 10*g - 2416. Calculate c(8).
14
Let q(l) = l**3 - 6*l**2 + 2*l - 4. Let a be ((-20)/(-25)*5)/((-2)/(-48)). Let s = 81 - a. Let w be (-32)/(-6) - (-7 - 95/s). Give q(w).
8
Let t(r) be the third derivative of -r**6/120 + r**5/15 + r**4/6 + r**3/2 - 12*r**2 + 27. What is t(6)?
-45
Let m(o) = 91*o - 4*o**3 - 341*o**2 + 170*o**2 - 15 + 5*o**3 + 152*o**2. Give m(9).
-6
Suppose -j = 4*g - 27, -3*j - 86 = 5*g - 118. Let b(x) = -x**3 + 6*x**2 + 13*x - 48. Determine b(g).
-6
Let w(o) = -2*o**2 - 47 + 5*o**2 + 48 + 0*o - o - 39*o**2. What is w(1)?
-36
Let h(o) = -5*o + 8. Let c be h(1). Suppose -2*u - 2*x - 18 = 0, 0 = -c*x + 7*x + 16. Let f(z) = 8*z + 5. Determine f(u).
-35
Let a(c) be the third derivative of c**5/60 + c**4/24 + c**3/3 + 2807*c**2 - 2. Let b be (-2)/((-12)/2)*-6. Give a(b).
4
Let c(g) = 264 + 256 + 259 - 773 - 2*g. What is c(6)?
-6
Let r(y) = -y**2 + 15*y - 28. Let k = -3346 - -3350. Calculate r(k).
16
Let h be 8/(2/(4/2 - 0)). Let f(s) = 4 - 7*s + 0*s**3 - h*s + 36*s - s**3 - 22*s. Suppose -3*u - 2*k = -4, 3*u + k = -2*k + 6. What is f(u)?
4
Suppose -1038 = -12*v + 1122. Let s be (-8)/(-10)*v/(-24). Let c(b) = -b**3 - 6*b**2 - b - 3. Determine c(s).
3
Let u(n) = n**3 - 4*n**2 + 1. Suppose -8*l + 5*l - 447 = 0. Let w = -134 - l. Suppose -11*d + w*d - 12 = 0. Calculate u(d).
-8
Suppose -2*v + 2*g - 3 - 5 = 0, 3*v + 11 = 4*g. Let m(w) = 9*w**2 + 10*w + 3. Let i(q) = -10*q**2 - 12*q - 4. Let l(k) = v*i(k) - 6*m(k). Give l(-2).
-14
Let r be 24/(-78) + (3 - 164/(-26)). Let y(c) = c**3 - 13*c**2 - 2*c - 12. Let j(o) = o**3 - 12*o**2 - o - 13. Let u(g) = 4*j(g) - 3*y(g). Calculate u(r).
2
Let w = -54 + 47. Let o(s) = 2*s - 8. Let h(d) = 3*d - 15. Let b(i) = 3*h(i) - 5*o(i). Determine b(w).
2
Let s be 4/22 + 375/55. Let c(k) = -6*k + 27. Give c(s).
-15
Let o(b) be the third derivative of -b**6/120 - b**5/10 - b**4/8 + 2*b**3/3 + 10*b**2 + 1. Determine o(-5).
-6
Suppose -4*m + m + 10 = -n, -17 = 3*n + 4*m. Let y(h) = 3*h + 8. Let p be y(-2). Let b(w) = 0*w**2 - 10*w + 5*w + p - 2*w - w**2. Determine b(n).
2
Suppose 0 = -25*o + 16*o - 3636. Let b = o + 411. Let q(w) = -2*w**2 + 9*w + 6. Give q(b).
-29
Let h(w) = -w - 2. Let j = -580 - -496. Let a = -90 - j. Determine h(a).
4
Let m(d) = d - 9. Let l(x) = -10. Let n(w) = 2*l(w) - 3*m(w). Suppose 4*v + 14 = -10. Determine n(v).
25
Let r(h) = h - 1. Let w(s) = -275 + 2*s + 275. Let l(d) = -4*r(d) + w(d). Let i be (-5 + 1 - -10)*4/6. Give l(i).
-4
Let q(u) = -u**3 + u + 1. Let h(b) = -6*b**3 + 5*b**2 + 4*b + 5. Suppose -32*y + 55*y = -115. Let i(d) = y*q(d) + h(d). What is i(2)?
10
Suppose k + 4*i + 9 = 0, 0*k - 4*k = 4*i - 24. Let w(g) = -g**3 + 13*g**2 - 21*g - 17. What is w(k)?
-6
Let l(y) be the first derivative of 2*y**3 - 46*y**2 + 28*y + 13333. Calculate l(15).
-2
Let i(p) be the first derivative of -p**4/4 - 4*p**3 - 6*p + 1739. Determine i(-12).
-6
Let x(l) be the first derivative of -2*l**2 - 5*l - 1. Let v(g) = g**3 - 70*g**2 + 30*g + 2681. Let s be v(69). Give x(s).
35
Let b(w) = -1011*w**2 - 878*w**2 - 8*w - 4 + 1886*w**2. Give b(-2).
0
Let g(u) be the second derivative of 0 + 5/2*u**2 + 1/6*u**3 - 79*u. What is g(-6)?
-1
Let g(f) = f**3 + 10*f**2 + 8*f + 84. Let d(v) = v**3 - 50*v**2 + 95*v + 38. Let s be d(48). Give g(s).
4
Let q(i) be the first derivative of -i**2 - 57*i - 1007. Determine q(-28).
-1
Let y(o) = o**2 + o**3 - o**2 - 1 - 2*o - 2*o**2. Suppose -32*k = -37*k - 190. Let l be (k/(-114))/(10/9 - 1). What is y(l)?
2
Let v(g) = -g**3 - 5*g**2 + 2*g - 1. Let f be (5/2)/(295/472). Let c(n) = -37*n + 143. Let p be c(f). Calculate v(p).
-11
Let q(g) be the second derivative of 13*g**3/6 + g**2/2 + 51*g. Let j = -2 + 1. Calculate q(j).
-12
Suppose 0 = 2*x - 4*o + 6, 2 = -x - x + 3*o. Suppose -6*h - 5*h = -x*h. Let u(p) = -p**2 + p + 8. Calculate u(h).
8
Let f(m) = -m**3 + m**2 - m - 5. Let i be (-2 - 22)/6*3/(-4). Let l be (-1)/(3/(-66)) + (-6)/i. Suppose -17*a + l*a = 0. Determine f(a).
-5
Suppose -8037*c + 8039*c = 32. Let g(z) = 2*z**2 - 26*z - 19. Calculate g(c).
77
Let z(r) = 4*r - 1. Let p be 18/30 + ((-8)/5)/1. Let h(i) = 23*i - 17. Let y(l) = p*h(l) + 6*z(l). Determine y(-9).
2
Let l(s) = s**3 - 3*s**2 - 2. Let c be l(4). Let x = c + -22. Let g(i) = -i**3 + 495*i**2 - i + 492*i**2 - 1500*i**2 - 2 + 0*i + 505*i**2. Calculate g(x).
6
Suppose 2*k + 10 = 0, -1982*j - 4*k = -1986*j - 40. Let p(t) = 2*t**2 + 29*t - 14. Give p(j).
1
Suppose -14 = 5*f + 6. Let k(d) be the first derivative of -d**3/3 + d**2 - d - 272. Determine k(f).
-25
Let l(m) = -m**2 - m - 9. Let t be (112 - 111)/((0 + 2)/24). Suppose p = 10 + 2. Let f = p - t. Calculate l(f).
-9
Let t = 2899 - 2900. Let s(m) = 2*m**2 + 2*m. Calculate s(t).
0
Let c = 46 + -60. Let z be 2/c - 45/(-21). Let j(f) = 3*f + 3 - 9*f - f - z. Give j(-1).
8
Let o = -42 - -57. Let l(y) = -o*y - 2 - 5 + 14*y. Suppose 10*i - 139 = -89. Calculate l(i).
-12
Let t(x) = 3*x - 3*x + 1 - x + 1. Suppose 2*f + c = 15, -51*f + 48*f = -4*c - 6. What is t(f)?
-4
Let i = 99 + -84. Let t(v) = 8*v**2 - 1 - i*v**2 + 9*v**2 + 3*v**3 + 4*v**3. Let o(a) = -a + 7. Let x be o(8). Calculate t(x).
-6
Let b be ((-38)/24)/(17/51) - 10/40. Let l(h) = -h**2 - 4*h - 28. Calculate l(b).
-33
Let r(f) = 3*f**2 - 14*f + 2. Let p(k) = -7*k**2 + 30*k - 4. Suppose 4*b + 5 = -19. Let x be 2*(-5 + 12/(-8)). Let q(z) = b*p(z) + x*r(z). Calculate q(2).
14
Let t(h) = -2*h + 11. Let m be t(-4). Suppose 0 = 5*o - m - 1, -5*o = x - 27. Let v(q) = -q + 2. Let b be v(x). Let s(d) = -2*d**2 - 7*d. Determine s(b).
-15
Let b = -277 - -279. Let p(i) = 113 + 0*i - 110 - 3*i - i**b - 2*i. Determine p(-5).
3
Let x(w) = 17*w + 1. Suppose -2*s = -6*s - z + 40, -4*z = 0. Suppose -5*t = -s, -2*l + 2*t = t - 4. Suppose -2*f = -4*p + 3*p, l*p = 6. Calculate x(f).
18
Let l(t) = -35*t - 23. Let d(p) = 64*p + 46. Let m(b) = -6*d(b) - 11*l(b). Let h(n) = 7*n - 8*n**2 - 4*n**3 + 3*n**3 + 2*n**2. Let a be h(-7). What is m(a)?
-23
Let t(q) = -q**3 - 4*q**2 - 3*q + 4. Let p be t(-2). Let u(j) = 3*j - 2. Let m(o) = 3*o - 1. Let k(l) = p*u(l) - m(l). Calculate k(7).
18
Suppose 9556*u = 9621*u - 1040. Let b(y) = 6*y - 103. Give b(u).
-7
Let o(n) = -n**3 - 4*n**2 + 4*n - 5. Let r(b) be the third derivative of -7*b**4/12 - 165*b**3/2 - 71*b**2 - 2. Let f be r(-35). Give o(f).
0
Let m(o) be the second derivative of -9*o**4/4 + o**3/2 - o**2/2 + 707*o. What is m(1)?
-25
Let i = 364 - 362. Suppose i*r = 2*k - 8, k - 2 = -r + 4*r. Let n(v) = 2*v + 1. Give n(r).
3
Let s = -18083 + 18086. Let i(y) be the third derivative of 0 + 1/60*y**6 + 0*y - 1/60*y**5 - 17*y**2 + 1/24*y**4 + 0*y**s. Give i(2).
14
Let c(k) be the second derivative of 10*k**3/3 + 130*k**2 + 1572*k. Calculate c(-13).
0
Let t(z) = z + 8. Suppose -27*d = -32*d + 35. Suppose 0 = 6*f + d - 31. Suppose -w - 6 = 2*s, -f*w + 2*s + 5 = 39. Determine t(w).
0
Let k(j) = -5 + 10 + 29 + 30*j - 5*j - 21*j. What is k(-7)?
6
Let r(d) = d**2 - 10*d - 17. Let u be 0*(-1)/3 + 150/3. Suppose -2*j - u = -4*w, -3*w - 5*j = w - 43. Let y be r(w). Let b(m) = m - 4. Calculate b(y).
3
Let p(r) = 8*r + 2. Let z(n) = -2*n - 19. Let q be z(9). Suppose -39*f = -44*f + 170. Let g = q + f. Determine p(g).
-22
Let c(m) = m**2 - m - 23. Let l = -173 + 227. Suppose -49*j + 40*j + l = 0. Calculate c(j).
7
Let c(i) = -46 + 10*i - 5*i**2 + 38 - i**3 - i**2 + 9*i**2. Calculate c(6).
-56
Let n(j) = -18*j + 3. Let b(p) = -p**2 - 14*p - 46. Let x be b(-4). Let o(v) = 22*v - 3. Let d(w) = x*n(w) - 5*o(w). Determine d(-7).
11
Let x(r) = r - 3. Let n(a) = -a + 4. Let y(s) = -3*n(s) - 4*x(s). Let f be (-79)/2